t is the remainder when u is divided by 4?
2
Suppose 3*q + 2*q = 10. Let m be -2 + q + 1 + 44. Suppose -6*o = -o - m. Calculate the remainder when 17 is divided by o.
8
Suppose 3*n = -2*v + 45, -3*v - 2*v - 15 = 0. Suppose 0 = -2*d - 5*i + 23, 6*i - 4*i - 2 = 0. Calculate the remainder when n is divided by d.
8
Suppose -6*k + 8 = -2*k. Suppose k*j = 3 + 17. Calculate the remainder when 29 is divided by j.
9
Suppose 94*p = 99*p - 185. What is the remainder when p is divided by 14?
9
Let h(g) = -g**2 + 9*g + 2. Let m be -3 - 2*(-9 + 3). Calculate the remainder when 6 is divided by h(m).
0
Let p(o) = 13*o**3 - o**2 - o. Let f(n) = -13*n**3 + n**2 + n. Let m(c) = 6*f(c) + 5*p(c). What is the remainder when 36 is divided by m(-1)?
10
Suppose 7 - 5 = j. Suppose 7 = -3*t + 25. Calculate the remainder when t is divided by j.
0
Suppose d = -4*d + t + 34, 0 = -3*t - 12. What is the remainder when 11 is divided by d?
5
Let g = 64 + -19. Suppose -g = -3*r - 6. Calculate the remainder when 24 is divided by r.
11
Let u(v) = 2*v**2 + 7*v + 4. Suppose -134 = -5*f + 2*j, -f - 5*j = -0*f - 16. What is the remainder when u(-8) is divided by f?
24
Suppose 2*o = f + 10, 2*o - 9 = -3*f + 17. Calculate the remainder when 10 is divided by o.
3
Suppose 6*b - 375 = b. Calculate the remainder when b is divided by 26.
23
Let i(c) = -22*c**3 - c**2 - c. What is the remainder when i(-1) is divided by 5?
2
Suppose -2*m = -111 + 5. What is the remainder when m is divided by 21?
11
Suppose -5*y - 46 = -0*y - s, 20 = -5*s. What is the remainder when 12/y*(-15)/2 is divided by 4?
1
Suppose -q + 5*q + 2*a = 18, -q + 5*a + 21 = 0. Let f = 55 - q. What is the remainder when f is divided by 17?
15
Let z be (2/5)/((-3)/(-60)). Let u(j) = j - 5. Let m(k) = k**3 + 4*k**2 + 2. What is the remainder when u(z) is divided by m(-4)?
1
Let k be ((-4)/(-8))/(2/44). Let m = k - 6. Suppose 2*w - m*w = -42. What is the remainder when 40 is divided by w?
12
Let b = -88 + 97. What is the remainder when 23 is divided by b?
5
Let k(m) = 2*m**3 - 2*m**2 - 2. Let o be k(2). Let j = 10 - o. Let h(i) = i**2 - i + 6. Calculate the remainder when h(0) is divided by j.
2
Suppose -z = -0*i + 5*i - 50, 4*z = 0. Suppose 2*r + 30 = 4*j - 0*r, -3*r - i = j. Calculate the remainder when j is divided by 4.
1
Let m(a) = 3*a**2 - 2*a - 8. Calculate the remainder when m(-5) is divided by 27.
23
Let q(n) = 7*n**2 + n - 2. Suppose 3 - 28 = -5*c. Let d(j) = -j**3 + 6*j**2 - 4*j + 5. What is the remainder when q(2) is divided by d(c)?
8
Suppose -j - h + 11 = 0, 0 = -5*j - 4*h + 3*h + 55. Calculate the remainder when 32 is divided by j.
10
Suppose 18 = -r - 6*v + v, 0 = 5*v + 20. Let p = 1 + 2. Let q = p + r. What is the remainder when 13 is divided by q?
3
Let a(h) = 2*h**3 + 6*h**2 - 4*h + 3. Calculate the remainder when a(2) is divided by 12.
11
Suppose -z - 28 = -4*b, 0 = 2*b + z - 5*z. What is the remainder when 29 is divided by b?
5
What is the remainder when (-4 - 35 - 2)/(1/(-3)) is divided by 33?
24
What is the remainder when 13 is divided by (4/(-6))/((-6)/45)?
3
What is the remainder when (28 + -333)*(-4)/10 is divided by 31?
29
Let q = 2 - -2. Suppose -q*i + 20 = -0*i. What is the remainder when i is divided by 2?
1
Suppose 5*t = 2*y - 41 - 68, -t - 261 = -5*y. Calculate the remainder when 102 is divided by y.
50
Suppose f - 10 = 24. Calculate the remainder when f is divided by 9.
7
Let a(s) = -s**3 - 5*s**2 - 3*s - 4. Let l be 2/(6/(-3)) - 4. What is the remainder when a(l) is divided by 3?
2
Suppose -4*r - 4*f + 16 = 0, -2*f - 16 = -r + 3*f. Suppose -r*i = -i - 185. Calculate the remainder when 108 is divided by i.
34
Suppose -3*r - 24 = -2*f + r, 3*f - 50 = -r. Calculate the remainder when 79 is divided by f.
15
Suppose a - 4 = -0. Let i = a - -4. Calculate the remainder when 47 is divided by (i/(-3))/(1/(-6)).
15
Suppose -r - 1 = 3*f - 2*f, r = -2. Suppose 0 = -2*m + 2*j - 6, -2*m - 2*j + 6*j = 16. Calculate the remainder when (-2 + f)*-1 - -1 is divided by m.
0
Let q = -121 + 194. Calculate the remainder when q is divided by 19.
16
Suppose -5*d = 3*r - 770, 3*r + 165 - 29 = d. What is the remainder when d is divided by 22?
19
Let a(m) = -m**2 - 10*m + 6. Suppose -4*l - 6 = 34. What is the remainder when 17 is divided by a(l)?
5
Let i = 84 + -25. What is the remainder when i is divided by 30?
29
Let x be (-2)/(-4) + 55/(-22). Let v(m) = 2*m**2 - m - 1. Calculate the remainder when 15 is divided by v(x).
6
Let a(y) = -11*y - 6*y - 18*y + 1. Let r(w) = 5*w**2 + 2*w + 3. What is the remainder when a(-1) is divided by r(-2)?
17
Suppose 17 = 3*v - 5*z, 5*v - 2 = 4*z + 22. Suppose 2*q - 8 = -2*d, 2*q + 17 = 4*q - d. What is the remainder when q is divided by v?
3
Let f = 145 - 106. Suppose 6*c - c - 40 = 0. Calculate the remainder when f is divided by c.
7
Let l = 23 + -6. What is the remainder when 33 is divided by l?
16
Suppose -4*y = -9*y. Let n = y + 26. Calculate the remainder when n is divided by 12 - ((0 - -2) + 1).
8
Suppose b = -4*b. Suppose 3 = 3*o - b. Suppose n - a = 9, -n - 7*a = -4*a - o. Calculate the remainder when 12 is divided by n.
5
Suppose 3*s + 74 = 2*g - s, 0 = -4*g - 5*s + 213. Suppose -2*b - 24 = -n + b, -2*n + 2*b + 32 = 0. What is the remainder when g is divided by n?
11
Let z(l) = -l + 38. What is the remainder when 92 is divided by z(19)?
16
Suppose 2*z - 202 + 38 = 0. What is the remainder when z is divided by 28?
26
Let y(r) = 5*r**2 - 2*r. Calculate the remainder when 29 is divided by y(2).
13
Suppose -4*c - 2*h = -74, 5*c - 3*h - 94 = 4. Let o = 24 - c. What is the remainder when o is divided by 4?
1
Suppose 9*z = 11*z + 8. Let n = z + 4. Suppose -3*i = -n*i - 21. What is the remainder when 19 is divided by i?
5
Let v(c) = -c**3 + 3*c**2 - c - 1. What is the remainder when 1 - (-6 - (5 - 10)) is divided by v(2)?
0
Let d = -119 + 174. Suppose 0 = b - 20 + 1. Suppose -23 - b = -3*z. Calculate the remainder when d is divided by z.
13
Suppose -14 = -w + 10. Let k = -46 + 92. Calculate the remainder when k is divided by w.
22
Let i = -11 + 16. Suppose -i*z - 3*k + 124 = 0, 0*z + 14 = z - 3*k. Let c(b) = b**3 + 6*b**2 - b + 2. Calculate the remainder when z is divided by c(-6).
7
Let m(r) = 4*r - 1. What is the remainder when 0 - -2 - (-40 - -1) is divided by m(3)?
8
Let i = -18 + 20. Calculate the remainder when 9 is divided by i.
1
Suppose r = -4*r - 20. Let l = r - -5. Suppose -4 = -4*m - 2*w, 3*m - 4*w - 8 = 6. What is the remainder when m is divided by l?
0
Suppose g - 5*f - 65 = 0, -5*g + 3*f + 220 = -f. Suppose -5*w = 0, -g = 3*s - 8*s - 5*w. What is the remainder when 30 is divided by s?
6
Let o(q) = -27*q**3 + 1. Calculate the remainder when o(-1) is divided by (15/(-2))/(3/(-6)).
13
Let f(d) = 5*d + 3. Let t(g) = -3*g**2 + 4. Let v be t(-3). Let y = v + 32. What is the remainder when f(6) is divided by y?
6
What is the remainder when -38*((-10)/4 + 2) is divided by 3?
1
Suppose -5*t + 3*u + 191 = 0, u + 0 - 3 = 0. Calculate the remainder when 76 is divided by t.
36
Let k = 28 + -3. Calculate the remainder when k is divided by (28/8)/((-1)/(-2)).
4
Suppose -2*d - 19 = -w - d, -5*w = d - 119. Calculate the remainder when w is divided by 14.
9
Let h(n) = n**2 + 5*n**2 + n**2. Let w be h(-2). Suppose -w = -0*t - 2*t. Calculate the remainder when t is divided by 8.
6
Let c = -16 + 19. What is the remainder when 6 is divided by c?
0
Let c(g) = g - 10. What is the remainder when 33 + (-1 - (-1 - -2)) is divided by c(18)?
7
Let i(r) = r**3 - 1 + 0*r + 5*r**2 + 0*r - 7*r. Let a be i(-6). Suppose -a*h + 13 = -22. What is the remainder when 20 is divided by h?
6
Let y be (-69)/(-2)*20/(-15). Calculate the remainder when 3/30*y*-5 is divided by 12.
11
Suppose -54 - 40 = -3*d - p, -5*p + 5 = 0. Calculate the remainder when d is divided by 16 + (1 - (0 + 1)).
15
Suppose -3*f + 9 = 5*a - 7, 16 = 4*a + 4*f. Suppose -k = -5*i, a*k + 0*k = -2*i. Suppose k = 2*c - 0*c - 50. What is the remainder when c is divided by 13?
12
Let a = -30 - -50. Let d(c) = c**3 + 6*c**2 + 4*c - 2. Let s be d(-5). Let t = a + s. Calculate the remainder when t is divided by 6.
5
Let s = 6 - 6. Let u(x) = -x**3. Let m be u(s). Suppose -4*p + 7*p - 51 = m. Calculate the remainder when p is divided by 9.
8
Let l 